)/(1 - -1). Suppose -l - 2*t = -2*l + 1035, -y*l + 3083 = 5*t. Is l prime?
True
Suppose 0 = -15*n - 33*n + 576528. Is n prime?
True
Suppose -5*c + 22294 = 3*i, 22301 = 3*i - 5*c + 3*c. Is i composite?
False
Let j(u) = u + 15. Let l be j(-4). Let c(i) = i**2 - 5*i + 31. Is c(l) a prime number?
True
Let n be -71*2/8*8. Let s = 1126 - 1609. Let a = n - s. Is a prime?
False
Let h = 893 - -9456. Is h composite?
True
Suppose z + 2*z = 42. Let b(c) = -3*c + 5 + 2 + z*c + c**2 + 0*c**2. Is b(-15) a prime number?
True
Let j = -69627 - -123706. Is j a composite number?
True
Let h = 874 - 485. Is h a prime number?
True
Suppose -7*i = 27954 - 66727. Is i composite?
True
Suppose 5*v - 2*z = 45, -18 = -v - v + 4*z. Is (((-2)/(-2))/(-1))/(v/(-6066)) a composite number?
True
Suppose -4*m + 9915 + 4248 = 3*a, -m = 3*a - 3534. Is m prime?
False
Suppose 7360 = -53*m + 51*m. Let u = 6763 + m. Is u a prime number?
True
Let v = -377 + 381. Suppose -i = q - 7, 3*q - 4*i = -q + 12. Suppose -q*s + v*w = -3123, 2174 = 5*s - w - 943. Is s prime?
False
Let v(u) = -2*u**2 + u + 348. Let h be v(0). Let j = h - 227. Is j a prime number?
False
Let c(t) = -67*t**2 + t + 7. Let x(q) = -33*q**2 + 3. Let k(w) = 2*c(w) - 5*x(w). Is k(2) a composite number?
False
Suppose -22*g + 2973 = -4309. Is g prime?
True
Suppose -2*k - 4*u = -10, -u + 0 = 3*k - 5. Is (k + 15/(-9))/((-6)/6759) composite?
False
Is (3457784/132)/((-4)/(-6)) composite?
False
Let c = 134 + -122. Suppose -5*m = -c*m + 518. Is m a composite number?
True
Let o = 1409 + -964. Is o a prime number?
False
Suppose 0 = -17*w + 64431 - 6614. Is w prime?
False
Suppose -r = -x + 3, -3*x = -4*r - 8*x + 15. Let b = r + 3. Let l(h) = 10*h**3 + 3*h**2 + 2*h + 4. Is l(b) prime?
True
Suppose -44*i - 370681 + 1013653 = 0. Is i prime?
False
Suppose -4*b - 4*t + 3484 = 0, -4*b + 4245 = 2*t + 767. Suppose -5*g + 11123 - b = 0. Is g a prime number?
False
Let b(t) = -2*t**3 - 9*t**2 - 4*t + 11. Is b(-10) a prime number?
True
Let d = 14944 - 7647. Is d a composite number?
False
Let f(p) = p - 1. Let h(l) = 5*l - 18. Let z(b) = -6*f(b) + h(b). Let y be z(-14). Suppose y*r + c - 1915 = 0, -c + 0*c = 4*r - 3825. Is r a composite number?
True
Suppose -153693 = 30*o - 33*o. Is o a prime number?
False
Let d(i) = i + 16. Let q be d(-12). Suppose q*c - z = 6, 0*z - 4 = -5*c + 3*z. Suppose s = -c*a + 421, 2*s + 432 = -5*a + 1485. Is a a composite number?
False
Let b(d) = d + 10. Let z be b(-11). Is (1 - z)*530/4 a prime number?
False
Is 0/(-1) - (-644)/28 prime?
True
Let x = -9319 - -19760. Is x composite?
True
Let k(q) = -3*q**3 - 7*q**2 + 4*q - 22. Let b be k(-6). Let v = 1095 - b. Is v prime?
False
Suppose -4*y + 98 = -7*y + c, y - 5*c + 42 = 0. Is (-3)/(15/(-2)) + y/(-20) a prime number?
True
Suppose 4*x - 3*x = -9. Let f(v) = -v - 18. Let d be f(x). Is 4/6 + (-21)/d prime?
True
Let n(p) = -3*p**3 + p**2 - 8*p - 2. Let k be n(-3). Suppose k = 2*u - 82. Is u a composite number?
False
Let p(s) = s**2 + 3*s - 1. Let y be p(-4). Suppose -3*o = -o + y*r - 51, 4*o + r - 117 = 0. Suppose 5*c + o = 455. Is c prime?
False
Let x(c) = -c**2 + 14*c - 7. Let m be x(13). Suppose 4*p = m*p - 426. Is p composite?
True
Let v(q) = -q**2 + 9*q + 6. Let f be v(5). Let u = f + -20. Let p(n) = 2*n**3 - 8*n**2 - 4*n + 2. Is p(u) a prime number?
False
Let s be (-9)/(36/16) - -8366. Is s/12 + (-3)/(-18) prime?
False
Let c(k) be the second derivative of 0 + 29/6*k**3 - 10*k + 17/2*k**2. Is c(10) a composite number?
False
Suppose 5091 = -5*s + 2*i, -4*s + s = i + 3048. Is (-1)/4 - s/4 a composite number?
True
Let b = 130 + 48. Let t = 1 + 1. Suppose 0 = 4*r - t*r - b. Is r a prime number?
True
Suppose 11*u - 3*t - 33886 = 6*u, -27110 = -4*u + 2*t. Is u a composite number?
False
Is 1072 + (-1)/((-1)/(-3)) a composite number?
False
Suppose -7*h = -9*h - 2*p + 20464, 0 = 3*h - p - 30692. Is h prime?
False
Let y(u) = 2*u**2 + 7*u + 3. Let k be y(-5). Let r = -16 + k. Suppose -4*d = -4*p - 252, r*d + 5*p = -0*d + 91. Is d a composite number?
True
Suppose -8*o + 13*o = 1355. Suppose 4*g - o = -3*i + 658, -4*i = 3*g - 1234. Is i prime?
True
Let x = 14112 + -9565. Is x a composite number?
False
Let o = 25 - 13. Suppose -o*q + 14*q = 8. Suppose 2*l + q*d - 702 = 0, -361 = -l - 4*d - 0*d. Is l prime?
False
Suppose 0 = 4*v - 7*v - 2*t + 258, -5*v - t + 423 = 0. Let g = v + 132. Let r = g + -61. Is r a composite number?
True
Suppose 0 = -2*a - 10, -4*m + 13*a + 1797 = 8*a. Is m prime?
True
Suppose -i = -4*j + 326, 3*i + 240 = 2*j + j. Suppose -4*t + t - 121 = -4*z, 0 = -2*t + 4*z - 78. Let y = t + j. Is y a prime number?
False
Let x(d) = 4*d**2 + 15*d - 15. Let p = 28 - 40. Is x(p) a prime number?
False
Is -2*1/2 + 842 a prime number?
False
Let p(k) = 202*k + 6. Let h be p(5). Let y = h + -277. Is y a composite number?
False
Suppose -4*y + 223042 = -2*i, i + 278810 = 14*y - 9*y. Is y composite?
False
Is -4241*(-1 - 0/1) composite?
False
Suppose n = -4*n + 5*w + 5695, 2*n + 3*w - 2293 = 0. Suppose n = 2*b + 2*d, 5*b + 0*d - 2855 = 3*d. Is b composite?
False
Is 1/((-10016)/2004 + 5) a prime number?
False
Let k(a) = a - 6. Let v be k(9). Let x be (1/v)/(4/2076). Let j = -78 + x. Is j prime?
False
Let h(a) = -a**3 + 14*a**2 - 10*a + 7. Suppose 6 = -5*f + 1. Let x be 3/(-8 + f)*-39. Is h(x) prime?
False
Suppose -5*o - 51135 = -2*j - 3*j, 0 = j - 2*o - 10231. Is j prime?
True
Let g be ((6 - 2) + -1)*18/3. Is 52*(-2)/(-12)*g/4 a composite number?
True
Let a(n) = 28*n**2 + 7*n. Suppose 5*d - d + 30 = 2*j, -d - 18 = -4*j. Let z be a(d). Suppose 0 = -5*y + z + 899. Is y a composite number?
False
Is (-30212)/(-24) - ((-115)/(-30) - 4) a composite number?
False
Suppose 4*k - 15110 = -2*w, -2*w - k = -0*w - 15116. Is w a prime number?
True
Suppose -5*j - 288 = 482. Let n = 1635 + j. Is n composite?
False
Let i = 148 - 25. Suppose 15 = -7*o + 12*o. Suppose 108 + i = o*n. Is n a composite number?
True
Suppose 7*z - 94267 = 89686. Is z a composite number?
True
Is (-757413)/(-18) + 17 - (-2)/(-4) a composite number?
True
Let a be ((-33)/2)/(24/240). Let v = -88 - a. Is v a prime number?
False
Let g = 1 - -11. Suppose g*o = 9*o + 1437. Is o a prime number?
True
Let y(i) be the third derivative of i**5/60 - i**4/24 + 67*i**3/6 - 14*i**2. Is y(0) a composite number?
False
Let u(i) = 44*i**2 + 26*i - 5. Is u(-7) prime?
False
Let l(j) = -17*j**3 + j. Let x be l(-1). Let n be 4/((x/6)/4). Is (0 - -2)*861/n a prime number?
False
Suppose 9481*n + 184203 = 9490*n. Is n a composite number?
True
Suppose -2*s + 12 = s. Is (7 - s)/((-1)/(-347)) composite?
True
Let t be (-23)/3 - 4/12. Let u be t*(2/4)/(-1). Is 4*(u - 3) + 289 a prime number?
True
Let x = -74 + 80. Suppose -8661 = -5*k - w, x*k - 8649 = k - 4*w. Is k a prime number?
True
Let v(h) = h**2 - 16*h - 5. Let b be v(7). Let g = b - -38. Let m = g + 53. Is m composite?
False
Suppose t - 5*t + 54503 = 5*z, -5*z + 4*t = -54527. Is z prime?
True
Suppose 0 = 14*g - 6000 - 10618. Is g composite?
False
Let i(y) = 59*y**2 + 5*y - 5. Let w(v) = v**3 + 2*v**2 - 5*v - 3. Let j be w(-3). Is i(j) prime?
True
Let t be (2 + (0 - 3))*1. Let d = 3 + t. Let y(k) = 2*k**3 + k**2 - k + 1. Is y(d) a prime number?
True
Let l(x) = -2*x + 88*x**2 - 21*x**2 + 86*x**2 + 3 - 33*x**2. Suppose -4*i = -3*t + 2, i + 1 - 6 = -2*t. Is l(t) a prime number?
True
Let s be 2/(-2) - 4/1. Is (487/s)/(14/(-70)) a composite number?
False
Let b(p) = -21*p - 19. Let i be b(-14). Suppose -4*x + i - 907 = 4*o, -3*o - x - 470 = 0. Is (0 - -2)*o/(-24) composite?
False
Is ((-12020)/15)/(10/(-15)) a composite number?
True
Suppose -6*u = -3*u - 2*v - 63743, 2*u - 42497 = v. Is u composite?
True
Suppose -3*n + 2*o = -39099, -o = 2*n - 3*o - 26066. Is n prime?
True
Let n(u) = -32*u - 7. Suppose 6*w + 5*f = 3*w - 38, 2*w + 3*f + 24 = 0. Let c be n(w). Suppose 4*d - 188 = -5*m - 40, 4*m + c = 5*d. Is d prime?
True
Suppose -29*j - 69 = -26*j. Let i = j + 23. Suppose -m + 140 + 51 = i. Is m a composite number?
False
Suppose -10*q + 7*q + 44556 = o, 3*q + 2*o = 44559. Is q a composite number?
False
Let q be (-19)/(-4) - (-8)/32. Is (q/5)/((4/(-1474))/(-2)) prime?
False
Let g(l) = l**2 - 6*l + 2. Let r be g(5). Suppose -54 = -5*a + 331. Let i = r + a. Is i composite?
True
Let j(f) be the second derivativ